 - 2, 2*f + 2*g = 14. Let s(t) = -t**2 + 4*t - 3. Give s(f).
0
Let q(d) = d**2 + 2*d - 3. Let a(j) = -97*j**2 - 34*j - 104. Let u be a(-3). Let w = -872 - u. Calculate q(w).
12
Let i(q) = -2*q**3 - 3*q**2 - q - 2. Let f be (10/(-8))/(27/(-108)). Suppose r = -3*j + 7, 0 = r + f*j - 18 + 5. What is i(r)?
4
Let w(k) = 57*k - 18*k - 9*k - 42 - 19*k + 156. What is w(-8)?
26
Let s = 32972 - 32979. Let k(a) = -a**2 + 7*a + 10. Let f be k(8). Let v(q) = -3*q - q**f + 0 - 1 + 2. What is v(s)?
-27
Let d = 5035 - 5011. Let n(k) = -3*k + 60. Give n(d).
-12
Let x(r) = -25 + 44 + 8*r - 11 + 7*r**2 + r**3. Suppose -2*v + 14 = 26. Calculate x(v).
-4
Suppose 0 = 4*n + 2*s - 7*s + 13, n + s + 1 = 0. Suppose 29546 + 12631 = 3*l. Let z(v) = -14059 + l + v. Determine z(n).
-2
Suppose 10680 = -38*q + 62*q. Let j = q - 445. Let c(i) = i**3 - i - 21 + i - i. What is c(j)?
-21
Let o(l) = -l**3 + 6*l**2 - 2*l - 8. Let u(f) = 141*f - 3521. Let m be u(25). What is o(m)?
16
Let j(o) = -17*o**3 + o**2 + o - 3. Let r be j(1). Let s(q) = -4*q - 67. Let z be s(r). Let d(k) = 9*k + 3. Determine d(z).
48
Let h(v) be the second derivative of -10*v**3/3 - 69*v**2 + 1555*v. What is h(-7)?
2
Let v(a) = 5*a**2 - 2*a + 5. Let s(y) = -32*y**2 + 16*y - 33. Let g(d) = 2*s(d) + 13*v(d). Let n = -7 + 14. Suppose -2*b = n + 5. Give g(b).
-1
Let a be (-2)/(-7) + 24/14. Suppose -b + 15*b = 308. Let z(d) = -d - 26 - 23 - b + 69. What is z(a)?
-4
Suppose -22*n = -66*n + 86196. Suppose 3*b - n = -1971. Let g(v) = v**2 + 5*v + 1. Determine g(b).
-3
Let d = -2066 - -2071. Let s(f) = -f**3 + 4*f**2 + 5*f + 5. Calculate s(d).
5
Let c = 28 + 1. Let h = 32 - c. Let a(l) = 3*l**3 - h*l + 3*l**2 + 1 + 0*l**3 - 4*l**3 + 0*l. What is a(2)?
-1
Let d(r) = -10*r - 1. Suppose 8 = 4*j - 4*h, 0*h + 3*h = -j + 10. Let k(n) = -14*n + 9*n - 1 + 5*n + 3 + 11*n. Let u(i) = j*k(i) + 5*d(i). Give u(3).
-15
Suppose b = -2 + 5. Suppose 3*o - 5*k - 3 = 5, 28 = -b*o - 4*k. Let i be (4 + 21/(-3))*o/(-3). Let d(p) = -p**2 - 5*p + 2. What is d(i)?
6
Let x = 205 - 199. Let v be (5 - x) + 4 - -4. Let j(u) = -3*u + 6. Calculate j(v).
-15
Let d(p) = -16*p + 10. Let b = 15465 + -15463. Give d(b).
-22
Let s(h) = 27*h + 44. Let z(r) = -62*r - 89. Let t(w) = -7*s(w) - 3*z(w). What is t(0)?
-41
Let t(i) = i**2 + 5*i + 7. Let j be t(-3). Let x(n) = 65*n**2 + 4*n. Let m be x(j). Let h(b) = -4 - 70*b**3 + m*b**3 - b**2 - 2*b - 8*b**2. Calculate h(-9).
14
Suppose -282 = -73*o - 21*o. Let a(g) = g**2 - 6*g + 6. Calculate a(o).
-3
Let u(i) = 5*i**2 - 17*i + 4. Let x = -6763 + 6766. Determine u(x).
-2
Let x = 32 - 23. Suppose 2*d = 1 - x. Let c(m) = -m**3 - 4*m**2 - m - 4. Determine c(d).
0
Suppose 0 = -2*o - 5*n + 154, -8*o + 9*o - 2*n = 77. Let l(x) = -1 + 4*x**2 + 3*x - 3*x - 76*x**3 + o*x**3 - 4*x. Suppose 2*y = y - 5. Calculate l(y).
-6
Suppose 4*u = 3*x - 29, 220*u - 224*u = -5*x + 27. Let k(f) = 26*f**3 - f**2 - 10*f - 9. Give k(x).
-26
Let w(y) be the third derivative of -y**5/60 - y**4/24 - y**3/6 - y**2 - 315*y. Let a(q) = -q**3 + 2*q**2 - q - 7. Let j(b) = -a(b) - w(b). What is j(0)?
8
Suppose 3*f + 5*u = 35, 0 = -0*f + 3*f + u - 19. Let w(y) = 4*y - 354*y**2 + 355*y**2 - y + 3 - f. What is w(2)?
8
Let x(y) = y**3 - 10*y**2 + 3*y - 9. Let h be 20*((0 - 75/(-10)) + -2 - 5). Give x(h).
21
Let x be -2 + (3 + -2)*-1. Let o be (-336)/(-72) - (-2)/x. Let l(j) = -j + o + 0 + 3 - 3*j. Give l(6).
-17
Let g(d) be the first derivative of 18*d**2 - 89*d - 6733. What is g(2)?
-17
Let t be ((-2)/4*-3)/((-2)/(-4)). Let h be -4 + 2*3/t. Let m be h + 7/((-21)/(-6)). Let j(l) = l + 3. Calculate j(m).
3
Let f(v) be the first derivative of -v**3 + 77*v**2/2 + 28*v + 32. Let w be f(26). Let g(h) = 3*h**3 + h**2 + 2*h - 2. Give g(w).
30
Let l(o) = -20*o**3 + 5*o**2 + 29*o - 5. Let c(h) = 7*h**3 - 2*h**2 - 10*h + 2. Let d = -137 - -154. Let g(v) = d*c(v) + 6*l(v). Determine g(-5).
9
Suppose 2*l = -2, -d - l + 4 = 3*l. Let u(s) = -d + 5*s + 0*s - 6*s + 3*s. Suppose 7*f + 5*f = 84. Calculate u(f).
6
Let c be -1 + (2 + 1)/(-1). Let h = -175 - -184. Let w(l) = -3 - h*l - 25*l**2 - 30*l**2 + 58*l**2 + 5*l + l**3. Determine w(c).
-3
Let i(k) = 204*k**2 + 203*k**2 - 1 + 26*k - 6 - 4 - 401*k**2. What is i(-5)?
9
Let l(a) be the third derivative of 2/3*a**3 + 0 + 0*a + 1/8*a**4 + 1/60*a**5 - 40*a**2. What is l(-3)?
4
Let n(f) = f**3 - 5*f**2 + 7*f + 3. Let w = -4694 - -4700. Give n(w).
81
Let t(j) be the second derivative of -j**5/30 - j**4/4 - j**3/3 - 31*j**2/2 - j - 11. Let o(k) be the first derivative of t(k). Give o(-4).
-10
Let f(t) be the second derivative of -5*t**3 + 11*t**2/2 - 64*t - 5. Determine f(1).
-19
Let i = 16 - 18. Let c be (-1)/(-2) + (-9)/i. Let x(a) = c + 3*a**3 - 9*a**2 - 2*a**3 + 4*a**2. What is x(5)?
5
Let c be (-2)/(-4) - (-315)/18. Let y = c - 19. Let h(j) = -7*j + j + 2*j. What is h(y)?
4
Let h be 0 + (8*1)/(-11 + 13). Suppose 0 = h*a - 5*w - 21, 3*w + 0 = 5*a - 10. Let v(k) = -18*k**3 - k**2. Calculate v(a).
17
Let y(h) = -3*h - 111. Let c(f) = -f - 44. Let t(b) = 18*c(b) - 7*y(b). Give t(8).
9
Let o(a) = -7*a**2 - 38*a - 2. Suppose 11*y = -52 - 2 - 12. Give o(y).
-26
Let d(j) = 304*j - 12. Let y(z) = 243*z - 10. Let t(v) = -4*d(v) + 5*y(v). Let w be (-7 + -1 + 2)*1. Give t(w).
4
Let g = 41 - 41. Suppose g = 3*h - h + 2. Let v(i) = -1 + 3*i + 2284*i**2 - 4*i - 2286*i**2. Calculate v(h).
-2
Let w(f) = f**2 + 8*f - 56. Suppose -445 = 69*s - 4*s + 270. Calculate w(s).
-23
Let b(s) be the third derivative of -s**8/20160 + s**6/144 - 4*s**5/5 - 112*s**2. Let m(n) be the third derivative of b(n). Calculate m(4).
-11
Suppose -7*r = 5 - 19. Let g(i) = -8*i**3 + 3*i**2 + i - 2. What is g(r)?
-52
Let q(k) = -4*k**3 + 40*k**2 - 23*k - 43. Let d(u) = -u**3 + 10*u**2 - 6*u - 11. Let h(w) = -9*d(w) + 2*q(w). Suppose -o - 20*o - 447 = -636. What is h(o)?
4
Let i(x) = x - 3. Let h be i(7). Let d(j) be the second derivative of 0 + 48*j + 1/6*j**3 + 0*j**2. Give d(h).
4
Let q(c) = -2*c - 5. Let l be q(-9). Let y(r) be the third derivative of r**6/120 - 7*r**5/30 + 7*r**4/12 - 13*r**3/6 + 3*r**2 - 1240. What is y(l)?
0
Let d(h) = -h**3 + 24*h**2 - 64*h + 26. Suppose 99 = 4*n + 5*o, 148*o = -10*n + 150*o + 204. Determine d(n).
5
Let f(p) = p**3 + 0*p**2 - 5 - p**2 - 3*p + 1. Suppose -2*m - 69 = 3*r, -6 = r - 3. Let x be 8 - (-11)/(66/m). Give f(x).
5
Let j(r) = 2*r**3 - 8*r**2 - 8*r - 12. Let b(a) = 23*a**3 - 97*a**2 - 97*a - 143. Let p(c) = 3*b(c) - 35*j(c). Let m be (-87)/9 + 1/(-3). Give p(m).
1
Let f(g) = -177*g**2 - 17*g + 19. Let v(x) = 88*x**2 + 7*x - 8. Let n(h) = 2*f(h) + 5*v(h). Determine n(1).
85
Let d be (5 - (-78)/(-15))*-5. Let n(o) = 10*o - 11. Determine n(d).
-1
Let b(c) = c**2 + 6*c + 8. Suppose 51 = 5*k + 21. Suppose -4*f - k = -3*i, -2*f - 4*i + 10 = 2. Suppose f = 6*w + w + 49. What is b(w)?
15
Let a(b) = -4 - 5 + 18*b + 6 + 6 - 1. Let t(v) = -22*v - 2. Let d(r) = -6*a(r) - 5*t(r). Calculate d(-6).
-14
Let m(b) = 2*b**2 - 7*b. Let n be m(4). Suppose n*p + 46 = 3*h, -58 = -5*h + 6*p - 4*p. Let l(v) = 2*v - 16. What is l(h)?
4
Let w be (4 - 5) + 2 + 1. Let z(h) be the third derivative of h**4/6 + 3*h**2 - 3. Calculate z(w).
8
Let z(l) = -6*l**2 - l - 1. Let y(a) = -2*a**3 - 6*a**2 + 7*a + 2. Let k be y(-7). Let r = -346 + k. Give z(r).
-6
Let l be (-2)/((-16)/14) - (6 + (-45)/9). Let z(b) be the second derivative of 1/20*b**5 + l*b**4 + 0 + 4/3*b**3 - 3*b - 4*b**2. What is z(-8)?
-8
Let m(b) be the third derivative of b**4/12 - b**3/2 - 26849*b**2. Let g(p) = p**2 - 3*p + 2. Let w be g(3). Let r be -1 + 0 + 4 + w. Calculate m(r).
7
Let y be (1498/(-2247))/((-3)/9 - -1). Let b(c) = 17*c**3 - 2*c**2 - 2*c + 1. Give b(y).
-16
Suppose 2*q - 3*d + 8 = 0, -9*q - 24 = -11*q - 5*d. Let b(s) = 3*s**q + 3 - 242*s + 243*s + 2*s**3 - 2. What is b(-2)?
-5
Let x(n) be the first derivative of -10*n + 15/2*n**2 - 1/3*n**3 + 81. Determine x(7).
46
Let y(u) = 23*u - 8. Let j(h) = -28*h + 10. Let m(t) = 5*j(t) + 6*y(t). Suppose -4 = o - 6. Determine m(o).
-2
Let q(g) be the third derivative of 1/120*g**6 - 1/6*g**3 + 1/12*g**4 + 1/30*g**5 + 0*g + 0 + 114*g**2. What is q(-3)?
-16
Let y = -76 + 78. Suppose y*h = -5*z - 5, -4*z - 2*h - 4 = 3*h. Let u(j) = -14*j + 2*j - 11*j. Calculate u(z).
23
Let j(t) be the first derivative of -91 - 88 + 146*t**2 -